{"id":52,"date":"2020-03-27T13:07:16","date_gmt":"2020-03-27T13:07:16","guid":{"rendered":"http:\/\/felixbirnbaum.de\/?page_id=52"},"modified":"2026-03-05T13:46:10","modified_gmt":"2026-03-05T13:46:10","slug":"biografie","status":"publish","type":"page","link":"https:\/\/felixbirnbaum.de\/?page_id=52","title":{"rendered":"Biografie"},"content":{"rendered":"\n<h2 class=\"wp-block-heading\">Felix Birnbaum<\/h2>\n\n\n\n<p><\/p>\n\n\n\n<div class=\"wp-block-group\"><div class=\"wp-block-group__inner-container is-layout-constrained wp-block-group-is-layout-constrained\">\n<h3 class=\"wp-block-heading\">\u00dcber mich<\/h3>\n\n\n\n<p>Felix Birnbaum (*1995 in Tettnang am Bodensee) entdeckte bereits im Alter von f\u00fcnf Jahren seine Leidenschaft f\u00fcr Schlagzeug und Percussion. Fr\u00fch wurde er Teil verschiedener Ensembles und Jugendorchester, mit denen er internationale Konzertreisen unternahm \u2013 unter anderem nach Mexiko, Norwegen, Spanien und \u00c4gypten.<\/p>\n\n\n\n<p>Seine musikalische Sprache ist gepr\u00e4gt von stilistischer Offenheit: Jazz, Improvisation, Neue Musik und klassische Orchesterliteratur begleiten ihn seit seiner fr\u00fchen musikalischen Entwicklung und pr\u00e4gen bis heute seine k\u00fcnstlerische Arbeit.<\/p>\n<\/div><\/div>\n\n\n\n<div class=\"wp-block-group\"><div class=\"wp-block-group__inner-container is-layout-constrained wp-block-group-is-layout-constrained\">\n<h3 class=\"wp-block-heading\">Ausbildung<\/h3>\n\n\n\n<p>W\u00e4hrend seiner Jugend nahm Felix Birnbaum regelm\u00e4\u00dfig am Wettbewerb Jugend musiziert teil und wurde mehrfach mit ersten Bundespreisen ausgezeichnet. Sein Studium absolvierte er an der Hochschule f\u00fcr Musik und Theater M\u00fcnchen bei Arnold F. Riedhammer, Adel Shalaby, Christian Wissel, Peter Sadlo und Wolfram Winkel.<\/p>\n<\/div><\/div>\n\n\n\n<div class=\"wp-block-group\"><div class=\"wp-block-group__inner-container is-layout-constrained wp-block-group-is-layout-constrained\">\n<h3 class=\"wp-block-heading\">K\u00fcnstlerische T\u00e4tigkeit<\/h3>\n\n\n\n<p>Nach vier Jahren als Akademist und Solo-Schlagzeuger am Opernhaus Z\u00fcrich ist Felix Birnbaum seit 2022 Schlagzeuger und stellvertretender Solo-Pauker im SWR Symphonieorchester Stuttgart.<\/p>\n\n\n\n<p>Dar\u00fcber hinaus gastiert er regelm\u00e4\u00dfig bei renommierten Orchestern wie den M\u00fcnchner Philharmonikern, dem Staatsorchester Stuttgart, dem G\u00fcrzenich-Orchester K\u00f6ln sowie bei den Rundfunkorchestern von BR, NDR, WDR und HR.<\/p>\n\n\n\n<p>Als Mitglied eines der f\u00fchrenden Orchester f\u00fcr zeitgen\u00f6ssische Musik wirkt er an zahlreichen Rundfunkproduktionen mit und tritt regelm\u00e4\u00dfig bei internationalen Festivals auf, darunter die Salzburger Festspiele, die Pfingstfestspiele Baden-Baden und das Musikfest Berlin.<\/p>\n\n\n\n<p>Bei den Donaueschinger Musiktagen entstehen j\u00e4hrlich Urauff\u00fchrungen in enger Zusammenarbeit mit bedeutenden Komponistinnen und Komponisten der Gegenwart. Neben seiner Orchestert\u00e4tigkeit ist Felix Birnbaum auch als Kammermusiker und Solist in unterschiedlichen Formationen aktiv.<\/p>\n<\/div><\/div>\n\n\n\n<div class=\"wp-block-group\"><div class=\"wp-block-group__inner-container is-layout-constrained wp-block-group-is-layout-constrained\">\n<h3 class=\"wp-block-heading\">Lehre<\/h3>\n\n\n\n<p>Seit 2024 unterrichtet Felix Birnbaum als Hauptfachdozent f\u00fcr Schlagzeug an der Hochschule der K\u00fcnste Bern und begleitet dort junge Musikerinnen und Musiker in ihrer k\u00fcnstlerischen Entwicklung.<\/p>\n<\/div><\/div>\n\n\n\n<hr class=\"wp-block-separator has-alpha-channel-opacity\"\/>\n\n\n\n<figure class=\"wp-block-image size-large\"><img loading=\"lazy\" decoding=\"async\" width=\"1024\" height=\"683\" src=\"https:\/\/felixbirnbaum.de\/wp-content\/uploads\/2026\/03\/L1290712-1024x683.jpg\" alt=\"\" class=\"wp-image-504\" srcset=\"https:\/\/felixbirnbaum.de\/wp-content\/uploads\/2026\/03\/L1290712-1024x683.jpg 1024w, https:\/\/felixbirnbaum.de\/wp-content\/uploads\/2026\/03\/L1290712-300x200.jpg 300w, https:\/\/felixbirnbaum.de\/wp-content\/uploads\/2026\/03\/L1290712-768x512.jpg 768w, https:\/\/felixbirnbaum.de\/wp-content\/uploads\/2026\/03\/L1290712-1536x1024.jpg 1536w, https:\/\/felixbirnbaum.de\/wp-content\/uploads\/2026\/03\/L1290712-2048x1365.jpg 2048w\" sizes=\"auto, (max-width: 1024px) 100vw, 1024px\" \/><\/figure>\n","protected":false},"excerpt":{"rendered":"<p>Felix Birnbaum \u00dcber mich Felix Birnbaum (*1995 in Tettnang am Bodensee) entdeckte bereits im Alter von f\u00fcnf Jahren seine Leidenschaft f\u00fcr Schlagzeug und Percussion. Fr\u00fch wurde er Teil verschiedener Ensembles und Jugendorchester, mit denen er internationale Konzertreisen unternahm \u2013 unter anderem nach Mexiko, Norwegen, Spanien und \u00c4gypten. Seine musikalische Sprache ist gepr\u00e4gt von stilistischer Offenheit: Jazz, Improvisation, Neue Musik und klassische Orchesterliteratur begleiten ihn seit seiner fr\u00fchen musikalischen Entwicklung und<\/p>\n<div class=\"read-more\"><a class=\"btn read-more-btn\" href=\"https:\/\/felixbirnbaum.de\/?page_id=52\">Weiterlesen<\/a><\/div>\n","protected":false},"author":1,"featured_media":0,"parent":0,"menu_order":0,"comment_status":"closed","ping_status":"closed","template":"","meta":{"footnotes":""},"class_list":["post-52","page","type-page","status-publish","hentry"],"_links":{"self":[{"href":"https:\/\/felixbirnbaum.de\/index.php?rest_route=\/wp\/v2\/pages\/52","targetHints":{"allow":["GET"]}}],"collection":[{"href":"https:\/\/felixbirnbaum.de\/index.php?rest_route=\/wp\/v2\/pages"}],"about":[{"href":"https:\/\/felixbirnbaum.de\/index.php?rest_route=\/wp\/v2\/types\/page"}],"author":[{"embeddable":true,"href":"https:\/\/felixbirnbaum.de\/index.php?rest_route=\/wp\/v2\/users\/1"}],"replies":[{"embeddable":true,"href":"https:\/\/felixbirnbaum.de\/index.php?rest_route=%2Fwp%2Fv2%2Fcomments&post=52"}],"version-history":[{"count":12,"href":"https:\/\/felixbirnbaum.de\/index.php?rest_route=\/wp\/v2\/pages\/52\/revisions"}],"predecessor-version":[{"id":662,"href":"https:\/\/felixbirnbaum.de\/index.php?rest_route=\/wp\/v2\/pages\/52\/revisions\/662"}],"wp:attachment":[{"href":"https:\/\/felixbirnbaum.de\/index.php?rest_route=%2Fwp%2Fv2%2Fmedia&parent=52"}],"curies":[{"name":"wp","href":"https:\/\/api.w.org\/{rel}","templated":true}]}}